ainder when 4603924 is divided by 350.
24
What is the remainder when 15646 is divided by 15618?
28
Calculate the remainder when 5503350 is divided by 2039.
89
What is the remainder when 45770 is divided by 22778?
214
Calculate the remainder when 149288625 is divided by 194.
193
Calculate the remainder when 33004 is divided by 32667.
337
What is the remainder when 210790 is divided by 3292?
102
What is the remainder when 2054399 is divided by 85597?
71
Calculate the remainder when 6592492 is divided by 86743.
24
What is the remainder when 208787 is divided by 10209?
4607
What is the remainder when 988091 is divided by 674?
7
Calculate the remainder when 378603 is divided by 23.
0
What is the remainder when 25410 is divided by 77?
0
Calculate the remainder when 38856 is divided by 969.
96
What is the remainder when 21876 is divided by 7291?
3
Calculate the remainder when 34400550 is divided by 161.
2
What is the remainder when 134433352 is divided by 2635948?
4
Calculate the remainder when 1979328 is divided by 659770.
18
What is the remainder when 10450562 is divided by 471?
14
What is the remainder when 1834597 is divided by 250?
97
What is the remainder when 2898577 is divided by 676?
565
Calculate the remainder when 16323265 is divided by 252.
217
What is the remainder when 375959 is divided by 34?
21
Calculate the remainder when 53261 is divided by 8858.
113
Calculate the remainder when 95091022 is divided by 168.
166
What is the remainder when 73489 is divided by 2927?
314
What is the remainder when 15080078 is divided by 123?
32
What is the remainder when 7224022 is divided by 532?
526
What is the remainder when 13264604 is divided by 201?
11
Calculate the remainder when 181670 is divided by 3078.
68
What is the remainder when 484611 is divided by 401?
203
Calculate the remainder when 59568830 is divided by 15096.
14
Calculate the remainder when 5499148 is divided by 107.
97
Calculate the remainder when 25010035 is divided by 46.
19
What is the remainder when 3991040 is divided by 1?
0
Calculate the remainder when 23871 is divided by 1258.
1227
Calculate the remainder when 1911398 is divided by 1652.
34
Calculate the remainder when 20793 is divided by 4156.
13
Calculate the remainder when 147978 is divided by 3664.
1418
Calculate the remainder when 26812620 is divided by 764.
40
Calculate the remainder when 212127 is divided by 122.
91
What is the remainder when 5672523 is divided by 947?
940
What is the remainder when 1943189 is divided by 164?
117
Calculate the remainder when 4000740 is divided by 51.
45
What is the remainder when 81462 is divided by 6159?
1395
What is the remainder when 100597018 is divided by 285?
283
Calculate the remainder when 10921643 is divided by 3640544.
11
Calculate the remainder when 5612374 is divided by 6778.
190
What is the remainder when 26718 is divided by 295?
168
What is the remainder when 30808 is divided by 7702?
0
Calculate the remainder when 44162578 is divided by 121.
119
Calculate the remainder when 249240 is divided by 41391.
894
What is the remainder when 668952 is divided by 374?
240
What is the remainder when 166815932 is divided by 12274?
12272
Calculate the remainder when 828823 is divided by 1488.
7
Calculate the remainder when 808533 is divided by 33679.
237
Calculate the remainder when 187955081 is divided by 19.
13
Calculate the remainder when 4220915 is divided by 2007.
194
Calculate the remainder when 43923 is divided by 90.
3
What is the remainder when 1342014 is divided by 670734?
546
Calculate the remainder when 157254413 is divided by 604.
597
What is the remainder when 1529699471 is divided by 108?
107
Calculate the remainder when 1912541 is divided by 129.
116
What is the remainder when 4742033 is divided by 167?
68
Calculate the remainder when 2129325 is divided by 163.
56
Calculate the remainder when 416038 is divided by 4291.
4102
Calculate the remainder when 5761408 is divided by 82.
6
What is the remainder when 16716861 is divided by 94?
89
Calculate the remainder when 246837 is divided by 1387.
1338
What is the remainder when 2766099 is divided by 6202?
7
What is the remainder when 15000349 is divided by 3?
1
Calculate the remainder when 11621721 is divided by 1110.
21
Calculate the remainder when 866200 is divided by 32078.
94
Calculate the remainder when 7590125 is divided by 47.
1
What is the remainder when 388212 is divided by 22655?
3077
What is the remainder when 964388 is divided by 162?
2
What is the remainder when 115897631 is divided by 33613?
7
Calculate the remainder when 336292 is divided by 67248.
52
What is the remainder when 3043106 is divided by 2797?
2767
Calculate the remainder when 19350102 is divided by 6450033.
3
Calculate the remainder when 17560504 is divided by 763500.
4
What is the remainder when 1421075 is divided by 793?
19
Calculate the remainder when 2884550 is divided by 99467.
7
Calculate the remainder when 1261248 is divided by 57329.
10
What is the remainder when 817473 is divided by 67971?
1821
What is the remainder when 10490603 is divided by 27?
23
What is the remainder when 33989867 is divided by 33?
32
What is the remainder when 20694657 is divided by 1644?
1629
What is the remainder when 182681 is divided by 45374?
1185
Calculate the remainder when 3639257 is divided by 36759.
116
Calculate the remainder when 2286277977 is divided by 14.
11
Calculate the remainder when 167126 is divided by 1287.
1103
Calculate the remainder when 438000 is divided by 145987.
39
What is the remainder when 4848292 is divided by 275?
42
What is the remainder when 4764007 is divided by 772?
767
Calculate the remainder when 318319 is divided by 79578.
7
What is the remainder when 63834 is divided by 15790?
674
Calculate the remainder when 12550894 is divided by 3710.
3674
What is the remainder when 80467 is divided by 766?
37
What is the remainder when 624964309 is divided by 3238157?
8
Calculate the remainder when 1961148 is divided by 4070.
3478
Calculate the remainder when 6600811 is divided by 1155.
1141
What is the remainder when 34409969 is divided by 49?
13
What is the remainder when 2924294 is divided by 15?
14
What is the remainder when 11986939 is divided by 66226?
33
Calculate the remainder when 32848 is divided by 6021.
2743
Calculate the remainder when 750333 is divided by 2444.
25
Calculate the remainder when 47978 is divided by 158.
104
Calculate the remainder when 56199 is divided by 11212.
139
Calculate the remainder when 6222282 is divided by 45.
42
Calculate the remainder when 102494 is divided by 34104.
182
What is the remainder when 853155 is divided by 145?
120
Calculate the remainder when 44839 is divided by 22387.
65
Calculate the remainder when 11294119 is divided by 11.
1
Calculate the remainder when 3382849 is divided by 29416.
9
Calculate the remainder when 2507874 is divided by 339.
291
Calculate the remainder when 490844 is divided by 2406.
20
What is the remainder when 2741066 is divided by 456796?
290
What is the remainder when 6217953 is divided by 83?
8
Calculate the remainder when 378787 is divided by 3534.
649
What is the remainder when 892645 is divided by 5190?
5155
What is the remainder when 704473 is divided by 46956?
133
Calculate the remainder when 225248 is divided by 222843.
2405
What is the remainder when 53854267 is divided by 30103?
0
What is the remainder when 9988618 is divided by 3?
1
What is the remainder when 9072342 is divided by 1512043?
84
Calculate the remainder when 215 is divided by 107.
1
Calculate the remainder when 297584 is divided by 346.
24
Calculate the remainder when 18035 is divided by 4537.
4424
What is the remainder when 97060 is divided by 1332?
1156
Calculate the remainder when 12974784 is divided by 8.
0
What is the remainder when 15508055 is divided by 130?
95
Calculate the remainder when 11373602 is divided by 23.
10
What is the remainder when 19332 is divided by 111?
18
What is the remainder when 38445372 is divided by 749?
700
What is the remainder when 61980042 is divided by 206?
204
What is the remainder when 56303909 is divided by 15?
14
Calculate the remainder when 2666 is divided by 2455.
211
What is the remainder when 3028863 is divided by 113?
11
What is the remainder w